7*b - 128. Calculate k(b).
-13
Let y(k) = -3*k - 20. Let x(p) = -8*p - 14*p + 31*p - 8 - 8*p. Let q(l) = 2*x(l) - y(l). Calculate q(-4).
-16
Let f be ((-7)/2 + 3)/((-2)/20). Let h(n) = -n + n**3 + f*n - 79 + 6*n**2 + 156 - 88. Determine h(-5).
-6
Let w(b) = -13*b**3 + 3*b**2 + 6*b + 6. Suppose 2384*a - 2385*a = -o - 9, o + 16 = 2*a. Give w(o).
110
Let g be (1 + 1)*(2 + -1). Let p = -211 - -213. Let i(n) = n - 15*n**2 + 2*n**3 + 1 - 17*n**2 + 54*n**2 - 25*n**p. Determine i(g).
7
Let d(s) = s + 9. Let b be d(10). Let j(x) = b - 41 + 27 + 5*x. Let i be j(0). Let l(c) = c + 3. Give l(i).
8
Let j(w) = -7*w + 2. Let z(a) = 20*a - 6. Suppose 0 = -4*b - 5*t - 13 - 55, b = 2*t - 4. Let c = b - 5. Let k(u) = c*j(u) - 6*z(u). Give k(2).
0
Suppose 0 = 274*a - 284*a. Let q(o) = o**2 - o + 3. Let r(s) = -1. Let h(g) = -q(g) - 2*r(g). Determine h(a).
-1
Suppose p + 126 = 20. Let f = p - -109. Let s be 2*(f - 7 - -3). Let y(i) = 6*i + 1. What is y(s)?
-11
Let l(a) = -20*a + 215. Let r(j) = -j + 10. Let s(n) = -4*l(n) + 85*r(n). Let h = -24 - -21. Calculate s(h).
5
Let l(w) = -w + 23. Let a(v) = -8*v + 125. Let y(g) = -a(g) + 5*l(g). Calculate y(-7).
-31
Let z = 25 - 22. Suppose -5*k + 9*k - 27 = -5*s, -9 = -z*k. Let q be (-1 + 3)/(3 - (s + 2)). Let f(w) = -5*w**2 + w + 1. What is f(q)?
-5
Suppose -2*l + 6 + 64 = 0. Suppose -5*v - l = 5. Let x(r) = -5*r - 60. Let f(k) = -2*k - 24. Let b(i) = -12*f(i) + 5*x(i). Give b(v).
-4
Let s(w) = -9 + 43 + 88 - 136*w - 3 + 130*w. Let r be s(21). Let n(j) = j. Let k(h) = 15*h + 6. Let u(l) = k(l) - 12*n(l). Calculate u(r).
-15
Suppose 0 = 5*h - 15, -3*l - 3*h - 17 = -32. Let q(m) be the third derivative of m**6/120 - m**5/60 - m**3/2 - 5*m**2. Determine q(l).
1
Let a(d) = d**3 - 3*d**2 - 226*d + 1100. Let m be a(5). Let k(u) be the second derivative of 3/2*u**2 + m*u + 0 - 1/6*u**3. Determine k(-3).
6
Let n(h) = -14*h**3 - 3*h**2 - h + 7. Let b(z) = 17*z**3 + 5*z**2 + z - 7. Let p(o) = -5*b(o) - 6*n(o). Determine p(-6).
-49
Let l(n) be the first derivative of -n**4/2 - 17*n**3/3 - n**2 + 22*n + 86. Let c(h) = h**3 + 8*h**2 + h - 10. Let u(k) = -5*c(k) - 2*l(k). Calculate u(-6).
12
Let i(t) = 2*t - 1. Let u(p) = p**2 + 5*p - 1. Let r(o) = 5*i(o) - 2*u(o). Let l(q) = q**3 - 66*q**2 - 1512*q + 4. Let k be l(84). What is r(k)?
-35
Let z(x) = 3*x**3 - 18*x**2 - 3*x + 7. Let y(j) = -2*j**3 + 10*j**2 + 2*j - 4. Let i be (-182)/(-35) + 2/(-10). Let d(b) = i*y(b) + 3*z(b). Give d(-2).
-9
Let v(p) = -10*p**3 + 5*p**2 + p + 4. Let d(z) = -28*z**3 + 16*z**2 + 5*z + 14. Let h(a) = 2*d(a) - 7*v(a). Determine h(1).
14
Let h(v) = v**2 - 3*v - 3. Let d be h(-2). Let z(t) = 27*t. Let j(s) = -110*s + 7. Let w(u) = -j(u) - 4*z(u). What is w(d)?
7
Let m(n) = -30 - n + 4*n + 31. Let w = 12 + -16. Give m(w).
-11
Let q(p) = -19*p**3 + 2*p**2 - 1. Let r = 58 + -54. Suppose 143 - 147 = -r*i. Calculate q(i).
-18
Let s(k) = -70075*k - 98 + 8 + 16 + 70071*k - 93. What is s(-40)?
-7
Let o(m) be the third derivative of m**3 - 1/24*m**4 - m**2 + 0*m + 92 - 1/60*m**5. Give o(0).
6
Let a(u) be the first derivative of -2*u**3/3 + 35*u**2/2 + 20*u + 3423. Give a(18).
2
Let n(k) = k**3 + 5*k**2 - 6*k - 27. Let s(i) = i**3 + 53*i**2 + 59*i + 359. Let q be s(-52). Calculate n(q).
3
Let r be (-8)/((-168)/(-91))*-6. Suppose -l + 6 - 5 = 0. Let q(t) = -13*t - l + t + r*t. Determine q(2).
27
Let p be 9/2 + (-14)/(-28). Suppose 5*w - w + 39 = 5*g, 2*w = p*g - 37. Suppose -32 = -g*l + 38. Let o(c) = -c**2 + 9*c + 8. Calculate o(l).
-2
Let v be 0 - 2 - (-99 + 7). Let h(i) = -33*i - 39*i - 20 - i**2 + v*i - 35*i. What is h(-16)?
-4
Let b(m) be the first derivative of 19*m**2/2 - 25*m - 3481. Calculate b(4).
51
Let i be ((-24)/(-18) + -2)*-3. Let p(w) = 4*w - 7637*w**i - 1 + 7635*w**2 + 3 - 2*w. Calculate p(-3).
-22
Let z(r) = -5*r + 2. Let j be (0 - -1)*0*(138/(-27) + 5). What is z(j)?
2
Let k(y) = 2*y**3 + 4*y**2 + y + 4. Let c(h) = 3*h - 90. Suppose -3*v - z = -84, 11*v - 8*v = z + 90. Let p be c(v). Calculate k(p).
-17
Let w(g) be the first derivative of g**6/360 + 3*g**5/40 + g**4/2 - 37*g**3/3 + 3*g**2/2 + 116. Let o(s) be the third derivative of w(s). Give o(-6).
-6
Let k(c) = -c**2 + 2. Let q = -709 - -711. Determine k(q).
-2
Let p be (-16)/(-2)*(-300)/400. Let y(s) be the second derivative of s**4/12 + 2*s**3/3 - 2*s**2 - 3*s. Calculate y(p).
8
Let p = -22707 + 22707. Let b(i) = -2*i - 118. Give b(p).
-118
Let j(n) = 6*n**3 + n**2 + 3*n + 4. Let f(p) = -5*p**3 - p**2 - 3*p - 4. Let h(i) = 7*f(i) + 6*j(i). Let a = 14 + -13. Suppose 5*k - a - 14 = 0. Determine h(k).
5
Let s(k) be the second derivative of -k**3/6 - 11*k**2/2 + 11*k. Let j be s(-5). Let x(l) = 3*l + 3*l + 0*l + 14 - 5*l. What is x(j)?
8
Let s(y) = -115572 + 8*y + 4*y + 115381 + 2*y. What is s(14)?
5
Let n(s) = 69 + 30 + 41 + 67 - 25 + 11*s. Calculate n(-16).
6
Let s(b) = -2 + 4*b - 3*b + 4*b. Suppose -164*r - 289 = 125*r. Give s(r).
-7
Let h(r) = 5*r**2 - 51*r - 8. Let w(s) = 5*s**2 - 32*s - 8. Let f(u) = -3*h(u) + 4*w(u). What is f(-6)?
22
Let s be 12/(-42)*-7 + 4. Let q(l) = 15*l + 9*l + s*l - 31*l + 5. Calculate q(4).
1
Suppose 14*x = -10*x + 264. Let i = 3 + 5. Let m(l) = -3 - 13 - 7*l + i*l + l. What is m(x)?
6
Let r(j) = -277230*j + 277249*j + j**2 - 11 - 2*j**2 - 16. Give r(16).
21
Let i(q) = 11 + 3008*q**2 - 27 - 40 - 3009*q**2 - 33*q - 13. Determine i(-31).
-7
Suppose 2*x + 0 - 12 = -3*z, 0 = 4*x + 12. Suppose j - z = 3*j. Let g(n) be the second derivative of n**5/20 + n**4/6 - n**3/3 - n**2/2 - 2*n + 14. Give g(j).
-4
Let w(x) = -1 + 405*x + 411*x + 7 - 1221*x + 422*x. Give w(-2).
-28
Suppose 0 + 26 = -j. Let t = 22 + j. Let v(q) = q - 5. Let d(g) = -g + 5. Let o(r) = t*d(r) - 5*v(r). Calculate o(-5).
10
Let s(o) = o + 9. Let g = 183 - -260. Suppose -g = -a - 447. Determine s(a).
5
Let c be -7*(-5 - 9/(-6)*4). Let x(j) = -j**3 - 4*j**2 + j - 14. Calculate x(c).
126
Let t be 2 + (-1)/3 + 14/42. Let q(v) = 15 - 9 + 1614*v**2 + v**3 - 1613*v**t. Give q(0).
6
Let o be -132*(8 - 66/8). Let p(g) = -16*g**2 - 6 + o*g**2 - 16*g**2 + g. Give p(-2).
-4
Let g be 21/((-42)/(-8)) - 9. Let a(w) be the first derivative of 5*w - 3 - 2*w**2 + 0*w**2 - 2*w**2 + 5*w**2. Determine a(g).
-5
Let m(o) = -10*o - 26*o**2 - 7 + 92*o**2 - 29*o**2 - 35*o**2. Calculate m(6).
5
Let q = -16 - -22. Let x(c) = -3*c + 45. Let g be x(15). Suppose v - q + g = 0. Let a(s) = s**3 - 8*s**2 + 8*s + 6. Determine a(v).
-18
Let f(o) be the second derivative of o**5/20 - 5*o**4/12 + o**3/2 + 2*o**2 - 20194*o. Suppose 4*n + 7 = 19. What is f(n)?
-5
Let q be (-2*1/(-2))/(4/12). Suppose -4*p - 22 = -2*n, -5*p - q*n - 11 = -0*n. Let r be 15*((-1)/p + (-6)/(-40)). Let d(o) = o + 4. Give d(r).
10
Let i(n) = 6*n - 97. Let p be i(16). Let f(a) = -77*a**2 - 3*a - 1. Calculate f(p).
-75
Let z(a) = a**3 - 60*a**2 - 56*a - 328. Let t be z(61). Let r(l) = 3*l**2 + 69*l - 5. Give r(t).
-5
Suppose -3*f - 23 + 15 = -z, 3*z - 4*f = 9. Let w be (-1 - -1)/((0 + z)*1). Let o(a) = a**3 + a**2 + a - 39. Determine o(w).
-39
Let u(l) = 3*l**2 - 6*l + 6. Let h be u(2). Suppose -5 = -5*t, t = h*p - 2*p - 7. Let a(s) = -8 - p + 11 - s. Determine a(3).
-2
Let v(s) = s - 6*s + 2*s + 25. Let o be v(15). Let f = o + 20. Let z(r) = -r**3 + r**2 + 5. What is z(f)?
5
Let l(w) = w**2 - 10*w - 7. Let x(t) be the third derivative of -26*t**2 + 0 + 7/24*t**4 + 0*t - 1/2*t**3. Let c be x(2). Calculate l(c).
4
Let o(c) = -116*c - 156. Let z(w) = 35*w + 52. Let i(x) = -4*o(x) - 13*z(x). Calculate i(6).
2
Let b(k) be the second derivative of -k**7/840 + k**6/90 - k**5/120 - k**4/12 + k**3/3 - k**2 - 3*k. Let w(s) be the second derivative of b(s). Give w(3).
4
Let w(k) be the third derivative of k**6/120 - k**5/60 - k**4/24 - 2*k**3/3 + 4*k**2. Let i(r) = 61*r + 3. Let s be i(0). What is w(s)?
11
Let w(f) be the first derivative of f**4/4 + 11*f**3/3 + 13*f + 878. Determine w(-11).
13
Let c(i) = -2*i - 3. Let t = -178 + 185. Suppose 2*h - t = 1. Give c(h).
-11
Let t(q) = -3*q**3 - 5*q**2 + 8*q - 89. Let l(a) = -25*a**3 - 41*a**2 + 66*a - 712. Let b(v) = -4*l(v) + 33*t(v). Give b(0).
-89
Let f(g) = 284*g - 3. Let a(u) = 74*u - 1. Let m(b) = 23*a(b) - 6*f(b). Suppose -2*d + 60 = 3*d. Suppose -4*w + d = -4. Calculate m(w).
-13
Let r(h) = -4*h - 12. Let s(z) = z + 4. Let u